{"id":75,"date":"2024-02-20T15:59:51","date_gmt":"2024-02-20T15:59:51","guid":{"rendered":"https:\/\/bacsicuatoi.com\/?post_type=product&#038;p=75"},"modified":"2024-02-24T00:29:29","modified_gmt":"2024-02-23T17:29:29","slug":"sua-calsamin","status":"publish","type":"product","link":"https:\/\/bacsicuatoi.com\/index.php\/product\/sua-calsamin\/","title":{"rendered":"S\u1eeeA CALSAMIN"},"content":{"rendered":"<h3><strong>S\u1eefa Calsamin: Gi\u1ea3i Ph\u00e1p T\u1ed1i \u01afu Cho Ng\u01b0\u1eddi Lo\u00e3ng X\u01b0\u01a1ng v\u00e0 \u0110au C\u01a1 X\u01b0\u01a1ng Kh\u1edbp<\/strong><\/h3>\n<p><strong>Gi\u1edbi thi\u1ec7u v\u1ec1 S\u1eefa Calsamin<\/strong><\/p>\n<p>Trong cu\u1ed9c s\u1ed1ng hi\u1ec7n \u0111\u1ea1i, v\u1ea5n \u0111\u1ec1 lo\u00e3ng x\u01b0\u01a1ng v\u00e0 \u0111au nh\u1ee9c c\u01a1, x\u01b0\u01a1ng kh\u1edbp ng\u00e0y c\u00e0ng tr\u1edf n\u00ean ph\u1ed5 bi\u1ebfn, \u0111\u1eb7c bi\u1ec7t l\u00e0 \u1edf ng\u01b0\u1eddi gi\u00e0. <strong>S\u1eefa Calsamin<\/strong>, v\u1edbi s\u1ef1 k\u1ebft h\u1ee3p c\u1ee7a 28 ho\u1ea1t ch\u1ea5t qu\u00fd gi\u00e1, h\u1ed7n h\u1ee3p t\u00e1ch b\u00e9o, s\u1eefa b\u1ed9t nguy\u00ean kem d\u1ea7u th\u1ef1c v\u1eadt, s\u1eefa non, c\u00f9ng v\u1edbi c\u00e1c vitamin v\u00e0 kho\u00e1ng ch\u1ea5t, \u0111\u00e3 m\u1edf ra m\u1ed9t gi\u1ea3i ph\u00e1p m\u1edbi cho nh\u1eefng ai \u0111ang t\u00ecm ki\u1ebfm m\u1ed9t s\u1ea3n ph\u1ea9m h\u1ed7 tr\u1ee3 s\u1ee9c kh\u1ecfe x\u01b0\u01a1ng kh\u1edbp.<\/p>\n<h4><strong>Th\u00e0nh Ph\u1ea7n v\u00e0 L\u1ee3i \u00cdch c\u1ee7a S\u1eefa Calsamin<\/strong><\/h4>\n<p>S\u1eefa Calsamin bao g\u1ed3m m\u1ed9t lo\u1ea1t c\u00e1c th\u00e0nh ph\u1ea7n \u0111\u01b0\u1ee3c ch\u1ecdn l\u1ecdc k\u1ef9 l\u01b0\u1ee1ng:<\/p>\n<ul>\n<li><strong>H\u1ed7n H\u1ee3p T\u00e1ch B\u00e9o &amp; S\u1eefa B\u1ed9t Nguy\u00ean Kem<\/strong>: Gi\u00fap t\u0103ng kh\u1ea3 n\u0103ng h\u1ea5p th\u1ee5 v\u00e0 ti\u00eau h\u00f3a, b\u1ed5 sung l\u01b0\u1ee3ng l\u1edbn canxi c\u1ea7n thi\u1ebft cho c\u01a1 th\u1ec3 m\u00e0 kh\u00f4ng g\u00e2y b\u1ea5t k\u1ef3 lo\u1ea1i b\u00e9o ph\u00ec.<\/li>\n<li><strong>D\u1ea7u Th\u1ef1c V\u1eadt &amp; S\u1eefa Non<\/strong>: Cung c\u1ea5p n\u0103ng l\u01b0\u1ee3ng v\u00e0 c\u00e1c acid b\u00e9o quan tr\u1ecdng, c\u00f9ng v\u1edbi s\u1eefa non gi\u00fap t\u0103ng c\u01b0\u1eddng h\u1ec7 mi\u1ec5n d\u1ecbch.<\/li>\n<li><strong>Vitamin v\u00e0 Kho\u00e1ng Ch\u1ea5t<\/strong>: B\u1ed5 sung \u0111\u1ea7y \u0111\u1ee7 c\u00e1c vitamin (A, D, E, K) v\u00e0 kho\u00e1ng ch\u1ea5t c\u1ea7n thi\u1ebft cho vi\u1ec7c duy tr\u00ec v\u00e0 ph\u00e1t tri\u1ec3n s\u1ee9c kh\u1ecfe x\u01b0\u01a1ng kh\u1edbp.<\/li>\n<\/ul>\n<p><strong>S\u1eefa Calsamin<\/strong> kh\u00f4ng ch\u1ec9 gi\u00fap l\u00e0m gi\u1ea3m t\u00ecnh tr\u1ea1ng lo\u00e3ng x\u01b0\u01a1ng v\u00e0 \u0111au nh\u1ee9c c\u01a1 x\u01b0\u01a1ng kh\u1edbp m\u00e0 c\u00f2n t\u0103ng c\u01b0\u1eddng kh\u1ea3 n\u0103ng h\u1ea5p th\u1ee5 v\u00e0 ti\u00eau h\u00f3a, b\u1ed5 sung \u0111\u1ea7y \u0111\u1ee7 vitamin v\u00e0 kho\u00e1ng ch\u1ea5t, gi\u00fap duy tr\u00ec s\u1ee9c kh\u1ecfe t\u1ed1t cho ng\u01b0\u1eddi gi\u00e0.<\/p>\n<h4><strong>T\u1ea1i Sao Ch\u1ecdn S\u1eefa Calsamin?<\/strong><\/h4>\n<ul>\n<li><strong>Ph\u00f2ng Ng\u1eeba Lo\u00e3ng X\u01b0\u01a1ng<\/strong>: Cung c\u1ea5p canxi v\u00e0 c\u00e1c kho\u00e1ng ch\u1ea5t c\u1ea7n thi\u1ebft, gi\u00fap x\u01b0\u01a1ng ch\u1eafc kh\u1ecfe, gi\u1ea3m nguy c\u01a1 lo\u00e3ng x\u01b0\u01a1ng.<\/li>\n<li><strong>Gi\u1ea3m \u0110au Nh\u1ee9c C\u01a1, X\u01b0\u01a1ng Kh\u1edbp<\/strong>: C\u00e1c ho\u1ea1t ch\u1ea5t c\u00f3 trong s\u1eefa gi\u00fap gi\u1ea3m vi\u00eam v\u00e0 \u0111au nh\u1ee9c, mang l\u1ea1i c\u1ea3m gi\u00e1c d\u1ec5 ch\u1ecbu cho ng\u01b0\u1eddi s\u1eed d\u1ee5ng.<\/li>\n<li><strong>T\u0103ng C\u01b0\u1eddng H\u1ea5p Th\u1ee5 &amp; Ti\u00eau H\u00f3a<\/strong>: C\u1ea3i thi\u1ec7n h\u1ec7 ti\u00eau h\u00f3a, gi\u00fap c\u01a1 th\u1ec3 h\u1ea5p th\u1ee5 t\u1ed1t h\u01a1n c\u00e1c d\u01b0\u1ee1ng ch\u1ea5t c\u1ea7n thi\u1ebft.<\/li>\n<\/ul>\n<h4><strong>C\u00e1ch S\u1eed D\u1ee5ng S\u1eefa Calsamin<\/strong><\/h4>\n<p>S\u1eefa Calsamin c\u00f3 th\u1ec3 \u0111\u01b0\u1ee3c s\u1eed d\u1ee5ng h\u00e0ng ng\u00e0y nh\u01b0 m\u1ed9t ph\u1ea7n c\u1ee7a ch\u1ebf \u0111\u1ed9 dinh d\u01b0\u1ee1ng c\u00e2n \u0111\u1ed1i. \u0110\u1ec3 \u0111\u1ea1t hi\u1ec7u qu\u1ea3 t\u1ed1t nh\u1ea5t, b\u1ea1n n\u00ean tham kh\u1ea3o \u00fd ki\u1ebfn c\u1ee7a b\u00e1c s\u0129 ho\u1eb7c chuy\u00ean gia dinh d\u01b0\u1ee1ng tr\u01b0\u1edbc khi b\u1eaft \u0111\u1ea7u s\u1eed d\u1ee5ng.<\/p>\n","protected":false},"excerpt":{"rendered":"<p><strong>S\u1eefa Calsamin<\/strong> &#8211; B\u00ed quy\u1ebft cho h\u1ec7 x\u01b0\u01a1ng kh\u1edbp ch\u1eafc kh\u1ecfe. B\u1ed5 sung Canxi, Glucosamine, Chondroitin gi\u00fap ph\u00f2ng ng\u1eeba lo\u00e3ng x\u01b0\u01a1ng, gi\u1ea3m \u0111au nh\u1ee9c kh\u1edbp. Ph\u00f9 h\u1ee3p cho ng\u01b0\u1eddi lo\u00e3ng x\u01b0\u01a1ng, ng\u01b0\u1eddi cao tu\u1ed5i.<\/p>\n","protected":false},"featured_media":135,"comment_status":"open","ping_status":"closed","template":"","meta":[],"product_brand":[],"product_cat":[19],"product_tag":[],"class_list":{"0":"post-75","1":"product","2":"type-product","3":"status-publish","4":"has-post-thumbnail","6":"product_cat-sua-y-te","8":"first","9":"instock","10":"shipping-taxable","11":"product-type-simple"},"_links":{"self":[{"href":"https:\/\/bacsicuatoi.com\/index.php\/wp-json\/wp\/v2\/product\/75","targetHints":{"allow":["GET"]}}],"collection":[{"href":"https:\/\/bacsicuatoi.com\/index.php\/wp-json\/wp\/v2\/product"}],"about":[{"href":"https:\/\/bacsicuatoi.com\/index.php\/wp-json\/wp\/v2\/types\/product"}],"replies":[{"embeddable":true,"href":"https:\/\/bacsicuatoi.com\/index.php\/wp-json\/wp\/v2\/comments?post=75"}],"wp:featuredmedia":[{"embeddable":true,"href":"https:\/\/bacsicuatoi.com\/index.php\/wp-json\/wp\/v2\/media\/135"}],"wp:attachment":[{"href":"https:\/\/bacsicuatoi.com\/index.php\/wp-json\/wp\/v2\/media?parent=75"}],"wp:term":[{"taxonomy":"product_brand","embeddable":true,"href":"https:\/\/bacsicuatoi.com\/index.php\/wp-json\/wp\/v2\/product_brand?post=75"},{"taxonomy":"product_cat","embeddable":true,"href":"https:\/\/bacsicuatoi.com\/index.php\/wp-json\/wp\/v2\/product_cat?post=75"},{"taxonomy":"product_tag","embeddable":true,"href":"https:\/\/bacsicuatoi.com\/index.php\/wp-json\/wp\/v2\/product_tag?post=75"}],"curies":[{"name":"wp","href":"https:\/\/api.w.org\/{rel}","templated":true}]}}